et t be (15/l)/((-1)/78). Let j = 12 + 1. What is the highest common divisor of j and t?
13
Let p = 75 - 63. Calculate the highest common factor of 4 and p.
4
Let a = -1114 + 1654. Let x be ((-3)/6)/((-6)/a). Suppose 0 = -0*r + r - 9. What is the highest common factor of r and x?
9
Let q = -9 - -81. Suppose -g - 2*g + 18 = 0. Let p be g/(-9) + 26/3. What is the greatest common factor of q and p?
8
Let d be (5/(-15))/((-1)/9). Suppose i + 2 = -z, 4*z + d*i = i - 2. Calculate the highest common divisor of z and 1.
1
Suppose -28 = -b - 4*g, -4*b + g + 112 = -4*g. Calculate the highest common divisor of b and 28.
28
Let t be 235/2 + 3/(-6). What is the greatest common factor of 13 and t?
13
Let k be 3093/6 + 1/(-2). Suppose k = 4*q - 3*u, -3*q - u + 381 = 2*u. Let p be (-6)/27 + q/9. What is the highest common factor of p and 56?
14
Let v = -70 - -1015. Let o be (v/10)/((-3)/(-8)). Suppose o = r + r. Calculate the highest common factor of r and 14.
14
Suppose -26 = -3*q + 49. Let a be (0/1)/(-3)*-1. Suppose -9*s - 25 = -2*y - 4*s, a = 4*y + 2*s - 38. What is the highest common divisor of y and q?
5
Let b(s) = -3*s + 3. Let x be b(-2). Calculate the greatest common factor of 1 and x.
1
Suppose 0 = -a - a - 12. Let g(q) = -q**3 - 7*q**2 - 8*q - 1. Let c be g(a). What is the greatest common factor of c and 77?
11
Let b(d) = d**3 + 4*d**2 - 2*d + 1. Let p be b(-3). Let k(m) = m**2 + 16*m - 13. Let n be k(-17). Calculate the greatest common divisor of p and n.
4
Let o(m) = 297*m**3 + 2*m - 2. Let z be o(1). What is the greatest common divisor of 27 and z?
27
Suppose 8*r + 180 = 14*r. Calculate the highest common factor of 75 and r.
15
Let c be (1 - 0)/(-1)*-3. Suppose 2*l - c*l = -54. What is the greatest common divisor of l and 6?
6
Let m(s) = -s**2 - 7*s + 15. Let o be m(-5). Calculate the greatest common divisor of o and 1.
1
Suppose -4*d + 35 = 3. What is the highest common factor of 128 and d?
8
Suppose 0 = 14*l - 9 - 5. What is the highest common divisor of l and 13?
1
Suppose 2*o - 16 = -4*h, 2*o = -0*h + 3*h - 5. Calculate the highest common divisor of 4 and o.
2
Let z(q) = -q - 2. Let n be z(-5). Let t = -8 + n. Let d be (-48)/t - 2/(-5). Calculate the greatest common divisor of d and 15.
5
Let g = -5 + 7. Suppose g*d = -4*h + 182, -227 = -5*d + h + 184. Let s = -47 + d. What is the greatest common divisor of s and 12?
12
Let h(f) be the first derivative of 3*f**4/4 + f**3/3 - f - 1. Let n be h(3). Suppose 0 = -4*q + n + 131. Calculate the greatest common divisor of 22 and q.
11
Let x(q) = q**2 + 3*q - 4. Let t = 11 + -3. Suppose 0 = -2*f - 2 - t. Let n be x(f). Calculate the greatest common factor of n and 6.
6
Suppose 13 = x - 2. Let f = -9 + x. What is the greatest common factor of 24 and f?
6
Let x(r) = r + 9. Let g be x(-5). Suppose -19 - 57 = -g*b. What is the greatest common factor of 171 and b?
19
Suppose -22 = -3*y - 4*t, -23 + 5 = -y - 4*t. Suppose y*o = 4*o - 228. Let v = o + -48. Calculate the highest common factor of v and 6.
6
Let x(g) = -g**3 + 2*g**2 + 10*g - 1. Let c be x(4). What is the greatest common factor of 63 and c?
7
Suppose -3*m = 67 - 220. What is the highest common divisor of m and 34?
17
Suppose 40 = c + 4*c + 5*p, -c + 5*p = 16. Suppose c*q + q - 26 = -3*f, -2*q = f - 8. Calculate the highest common factor of f and 30.
6
Let u(y) = -y + 16. Let c be u(5). Suppose -11 = -v + 4*l, -l + c = v - 2*l. What is the greatest common factor of 1 and v?
1
Suppose 2*r - 2*a - 12 = -0*r, 0 = 4*r - 2*a - 16. Suppose r*u + u = -4*l - 141, -l + u = 44. Let j = l - -55. What is the highest common divisor of 8 and j?
8
Let f = 12 - 6. Let z = f - -17. Calculate the greatest common divisor of 253 and z.
23
Suppose 2*x + 2 - 20 = 0. What is the greatest common divisor of 36 and x?
9
Let y be (9 - 54)/((-1)/(-3)). Let w = y - -195. Calculate the greatest common divisor of w and 30.
30
Let x(r) = r**2 + 4*r + 3. Let t = 6 - 10. Let k be x(t). Suppose 0 = 2*a - 5*j - 17, 5*a - 34 = k*j + j. Calculate the highest common divisor of 12 and a.
6
Suppose 0 = -4*v + 4, 0*j - 2*v = -2*j + 12. What is the highest common factor of j and 63?
7
Let a be 136/(-6)*21/14. Let v = 22 - a. What is the highest common divisor of v and 7?
7
Suppose 4*t = -2*b - 14, -3*t + 6*t = b - 13. Calculate the highest common divisor of 7 and b.
1
Suppose -3*x + 8*x - 15 = 0. Let m(v) = -6*v + 6. Let o be m(-5). Suppose x*k = 2*k + o. What is the greatest common factor of k and 9?
9
Let q be -1*((-4)/6)/((-2)/(-123)). Calculate the greatest common factor of q and 82.
41
Suppose 0*x = 5*x. Suppose x = 4*d - 2*y - 28, -3*y + 4 = -2. Suppose -5*t + 142 = -d. Calculate the highest common divisor of 6 and t.
6
Let i be 4809/126 - (-2)/(-12). What is the greatest common divisor of 133 and i?
19
Suppose -4*j = -5*l + 15, -4*l + 7*l + 2*j = 9. Let w(u) = 2*u**2 - 7*u - 6. Let q be w(6). Let g = -15 + q. What is the highest common factor of g and l?
3
Suppose 64 = -2*p + 3*p. Calculate the greatest common divisor of p and 8.
8
Suppose -4*s = 0, 59 + 37 = 3*o - 3*s. Let z = -20 + o. Calculate the greatest common factor of z and 12.
12
Let g = 321 + 129. Suppose -3*q = -8*q + g. Suppose 0 = b + 6*b - 70. What is the highest common factor of q and b?
10
Let u(p) = -p**3 + 9*p**2 + 11*p + 1. Let k(m) = -m**2 - 5*m - 4. Let a be k(-6). Let v = 20 + a. Let h be u(v). What is the greatest common factor of 11 and h?
11
Suppose -51 = m - 2*m. Suppose 29 = 4*t - m. Suppose 0 = -3*k - 3*h + 39, -4*h + 38 = 5*k - 8*h. Calculate the highest common divisor of t and k.
10
Let c be 90/4*(24/9 - 0). Calculate the greatest common divisor of 6 and c.
6
Suppose 2*s + 103 = 3*v + 2*v, 2*s + 82 = 4*v. What is the highest common factor of v and 21?
21
Let h = 12 + 1. Let y(t) = -t**3 + 12*t**2 - 6*t - 2. Let w be y(5). What is the greatest common divisor of w and h?
13
Let j be 1*3 - (-7 + 37). Let q be (j/(-18))/((-3)/(-44)). Suppose -5*n + 169 = -161. Calculate the highest common divisor of n and q.
22
Let r = 25 + 69. Let z = -64 + r. Calculate the highest common divisor of 6 and z.
6
Suppose 0 = 5*x - 13 - 2. Suppose x*m - 2*m = 24. Calculate the greatest common divisor of 6 and m.
6
Let h(p) = -p + 13. Let i be h(7). What is the highest common divisor of 3 and i?
3
Let d be (-244)/(-1) - 4/2. Calculate the greatest common divisor of d and 22.
22
Let y be 2 + (-1 - (0 + -1)). Suppose a + 7*t - y*t - 9 = 0, -t = -3*a - 5. Let j = a - -4. What is the greatest common factor of 24 and j?
3
Let m be (26/13)/(2 + 202/(-102)). Calculate the highest common divisor of m and 34.
34
Let t be -18*(3 + 52/(-8)). Let y = -27 + t. What is the greatest common factor of 9 and y?
9
Suppose -2*w + 3*w - 5*i + 37 = 0, 0 = 4*w - i + 72. Let t be (-4)/3 + (-1)/(-3). Let l be -7*(w - (-1 + t)). What is the greatest common factor of 15 and l?
15
Let s = -13 - -21. Calculate the highest common factor of s and 12.
4
Let y(q) = 5*q**2 - 2*q + 2. Suppose 5*m - 19 = d, 0*m + m + 1 = -d. Let l be y(d). Calculate the greatest common factor of 10 and l.
10
Let w(a) = -25*a - 19. Let j be w(-4). What is the highest common factor of j and 9?
9
Let i(z) = -z**2 + 30*z - 18. Let a be i(12). Let s(m) = m**2 - 3*m - 6. Let d be s(-4). Calculate the greatest common factor of a and d.
22
Let t be (-3)/2*-6 - 1. Suppose 5*x + 82 = 5*k + 12, 0 = k + 5*x - t. What is the greatest common factor of k and 117?
13
Suppose 3*b + q = 164 + 113, 2*b = -4*q + 198. Let j = b + -40. Calculate the greatest common factor of 34 and j.
17
Let c(h) = h**2 + h + 7. Let k be (-3 - -5) + -1*10. Let w be c(k). Calculate the greatest common divisor of 7 and w.
7
Suppose -5*z + z + 28 = 0. Let r = 85 + -84. Calculate the highest common divisor of z and r.
1
Suppose 2*v - 7*v + 700 = 0. What is the greatest common divisor of 20 and v?
20
Suppose 4*d - 2 = 5*d. Let x be -1 + 124 + (-4)/d. Suppose x + 10 = 5*m. What is the greatest common factor of m and 9?
9
Suppose 3*c - c = f - 6, 5*f - 2*c = 54. What is the highest common divisor of 96 and f?
12
Let y(v) = -7*v**3 - 3*v**2 - 5*v - 9. Let z be y(-2). What is the highest common factor of z and 5?
5
Suppose -3*y + a = -167, -4*y = -2*y + a - 103. Let u = 84 - y. Let c(o) = 8*o - 4. Let h be c(3). Calcula